e remainder when k is divided by h?
20
Suppose -7*t - 4*w = -8*t + 27, -5*t + 72 = w. Calculate the remainder when t is divided by (1 + -11)*40/(-50).
7
Suppose 2*v - 10 = 0, 4*b - 2801 = 3*v - 840. Calculate the remainder when b is divided by 239.
16
Let v(k) = -3*k - 4. Let t be v(10). Calculate the remainder when 18 is divided by 37 + t + 16/2.
7
Let q = 25 - -5. Suppose 5*n = 30 + q. Calculate the remainder when 58 is divided by n.
10
Let m(b) = -b - 2. Let d be m(-8). Let j = d - -31. Suppose j = h + 2*v, 6*v + 78 = 3*h + v. Calculate the remainder when h is divided by 8.
7
Suppose 2*i = 5*v - 43, v = -3*v - 5*i + 41. Let p = 9 - v. Suppose -5*a + a + 20 = p. Calculate the remainder when a is divided by 2.
1
Suppose -27*o + 687 = -2067. What is the remainder when o is divided by 25?
2
Let y = -109 - -161. Calculate the remainder when y is divided by 18.
16
Let n(i) = -i**3 - 3*i**2 + 3*i - 4. Calculate the remainder when (-52)/8*(-12 + -2) is divided by n(-5).
29
What is the remainder when 77 is divided by (210/63)/((-3)/(-9))?
7
Let j be -3 - (-2 + -10*1). Let k(z) = 7*z - 5*z + z - 3. Calculate the remainder when 47 is divided by k(j).
23
Suppose -50 = -b + 27. What is the remainder when 227 is divided by b?
73
Calculate the remainder when ((-33)/15 - -1)*-30 is divided by (-9 - (-7 + 11))/(0 + -1).
10
Let g(x) = 2*x**2 - 28*x + 170. What is the remainder when 285 is divided by g(7)?
69
Let x = 0 + 0. Suppose x*h - 14 = -2*h. Suppose -14*i = -6*i - 96. What is the remainder when i is divided by h?
5
Let k = 5 - 15. Let d be k/(-5 + 3)*1. Suppose 3*f = 2*h - 120, -f - 300 = -d*h + f. What is the remainder when h is divided by 31?
29
Let o(u) be the third derivative of u**6/120 - 7*u**5/30 - 7*u**4/12 + 7*u**3/2 + 12*u**2. Calculate the remainder when o(15) is divided by 13.
10
Suppose 4*g + 5*c - 197 = 0, -6*c + 3*c = 2*g - 101. What is the remainder when g is divided by 15?
13
Let k(o) = o**2 - 2*o - 10. Let v be k(-3). Suppose 0*m = v*m - 110. Suppose 2*g - s - 5 = 5, -5*s + 16 = g. What is the remainder when m is divided by g?
4
Let g(c) = -39*c - 543. What is the remainder when g(-36) is divided by 108?
105
Suppose 2*z + 2*t - 6 = 12, 5*z + 2*t - 54 = 0. Let p be 1/3 + 194/(-6). Let x = p + 66. Calculate the remainder when x is divided by z.
10
Suppose 0 = -8*o + 7*o - 1. Calculate the remainder when 78 is divided by (o/(-3))/(((-2)/63)/(-2)).
15
Let w = 967 - 930. Calculate the remainder when 145 is divided by w.
34
Let o = 152 + -155. Suppose -2*t + 2 = -42. What is the remainder when t is divided by o + (-105)/(-10) + 6/(-4)?
4
Let d be (-13 + -1)/(2/(-11)). Let s = d - -14. Suppose r - 31 = 3*f, 3*r + 4*f = -0*f + 93. Calculate the remainder when s is divided by r.
29
Let o(j) be the third derivative of -j**5/60 + j**4/6 + 3*j**3/2 + 22*j**2. Suppose -2*q - 1 + 7 = 0. Calculate the remainder when o(4) is divided by q.
0
Suppose 1952 = -0*o + 4*o. Calculate the remainder when o/12*(-9)/(-6) is divided by 17.
10
What is the remainder when 169 is divided by 3/(-12) + (-951)/(-12)?
11
Let g = -22 + 37. Let d = -10 + g. Suppose 0 = -5*f - d*r + 170, 2*f - 72 = -5*r - 16. Calculate the remainder when f is divided by 13.
12
Let m = -4 + 7. Suppose 5*h = m + 2. Suppose 3*g - 9 = -0*g. Calculate the remainder when g is divided by h.
0
Let m(v) = 14*v**3 - v**2 + v - 1. What is the remainder when m(1) is divided by (((-440)/(-16))/11)/(5/24)?
1
Suppose -5*f - 42 = 10*h - 13*h, 0 = -2*h + f + 35. What is the remainder when 203 is divided by h?
13
Let q be (-377)/(-117) + (-4)/18. Suppose 108 = -q*d + 7*d. Calculate the remainder when 79 is divided by d.
25
Let c be 16/12*-2*3. Suppose -3*l + 46 = -17. Calculate the remainder when (82/4)/(c/(-16)) is divided by l.
20
Calculate the remainder when 98 is divided by 13/((-455)/(-865)) - (-2)/7.
23
Suppose -3*d - 5*x = -14, -x - 90 = -5*d - 20. Calculate the remainder when 87 is divided by d.
9
Suppose -17 - 19 = -9*j. Suppose -5*r + u + 89 = -u, 0 = -j*u - 8. Calculate the remainder when 57 is divided by r.
6
Suppose 231 = 34*o - 7. What is the remainder when 46 is divided by o?
4
Suppose 6*i - 62 = -2*n + 8*i, n - 5*i - 27 = 0. Calculate the remainder when 114 is divided by n.
18
Suppose 85*h = 89*h - 228. Calculate the remainder when 105 is divided by h.
48
Let f be 4*-1 + 190 + -22. Suppose 5*n = a + 820, -3*a + 0*a = n - f. Calculate the remainder when n is divided by 15.
14
Suppose -8*a = -8 - 24. What is the remainder when 38 is divided by a?
2
Suppose -3*o + 130 = 2*o. Let c(s) = 2*s - o*s**3 + 27*s**3 + 0*s - 4 - 8*s**2. What is the remainder when 58 is divided by c(8)?
10
Suppose 2*r - 2*y - 8 = -0*r, 2*y = -5*r + 13. Suppose -7*k = -r*k - 16. What is the remainder when 12 is divided by k?
0
Let x = 261 + 103. What is the remainder when x is divided by 73?
72
Let x = 77 - 78. Calculate the remainder when 26 is divided by (x + 3 + 17)/1.
7
Let f be (-182)/(-4) - -1 - (-75)/(-50). Suppose 44 = 5*l - 2*c, -2*c + 8 - 32 = -3*l. Suppose -l + f = 5*w. Calculate the remainder when 17 is divided by w.
3
Let d(f) = f**3 + 5*f**2 - 5*f + 8. Let h be d(-6). Suppose h*r + 0*t = 4*t + 112, 54 = r - t. Calculate the remainder when r is divided by 18.
16
Suppose 5*f = -5*k + 7*f + 165, k + 5*f = 60. What is the remainder when 70 is divided by k?
0
Let m = -23 - -45. Suppose 5*p = 2*y + 20 + 19, -m = -2*p + 4*y. What is the remainder when 18 is divided by p?
4
Let u(p) = -9*p - 8 - 4*p**2 + 13*p**2 - 8*p**2. Let n = 11 + -7. What is the remainder when n is divided by u(10)?
0
Let j(l) = 50*l + 11. Let q(n) = 17*n + 4. Let b(i) = 3*j(i) - 8*q(i). Let c = 7 + -4. Calculate the remainder when b(c) is divided by 15.
13
Let l(r) = -2*r**3 - 7*r**2 + 7*r - 29. What is the remainder when l(-6) is divided by 37?
35
Calculate the remainder when 132 is divided by -3*26*115/(-230).
15
Let c(k) = 2*k**3 + 7*k**2 + 11. Let f be c(-5). Let b = -38 - f. What is the remainder when 103 is divided by b?
25
Let z = -38 - -40. Suppose 4*q = 3*c - 62, 0 = -z*c - 5*q + 3 - 0. What is the remainder when c is divided by 5?
4
Let m(i) = 2*i**2 - 11*i - 54. Calculate the remainder when m(12) is divided by 30.
12
Suppose 0 = 8*t - 1382 - 522. What is the remainder when t is divided by 82?
74
Let l(j) = -5*j + 31. Let f be (2 + -1)*-1 - 2. Calculate the remainder when (1/f)/(12/(-1044)) is divided by l(3).
13
Let x(o) = o**2 + 8*o + 15. Let i(p) be the third derivative of p**4/8 + 2*p**3/3 + 2*p**2. What is the remainder when x(-12) is divided by i(4)?
15
Let l = -1106 + 1134. What is the remainder when 120 is divided by l?
8
Suppose 2*h + 53 = -3*x + 405, -h + 162 = -2*x. Suppose -5*s + h = 5*u, s - 3*u = 5*s - 132. What is the remainder when 208 is divided by s?
28
Let l(s) = -2*s**2 + 26*s + 19. Suppose -10*r + 21 + 109 = 0. Calculate the remainder when l(r) is divided by 7.
5
Let i(r) = 2*r. Let j be i(2). Let g(v) = -j + 3 + 1 - 5*v - 3. Calculate the remainder when g(-5) is divided by 8.
6
Suppose -5 = -c + 5. Suppose -2*g + c = -0*g. Let j = 0 + g. What is the remainder when 9 is divided by j?
4
Let l = -15179 - -15184. What is the remainder when (-220)/(-6) + (-1)/(-3) is divided by l?
2
Let u(d) = d**2 + 7*d - 95. Calculate the remainder when u(12) is divided by 17.
14
Let a(k) = 15*k**2 - 101*k - 16. Suppose -3*p - 5*j = -35, 3*p - 23 = -5*j + 3*j. Suppose 2*z - p = 87. What is the remainder when z is divided by a(7)?
10
Let j = 149 - 136. Let r be 1/(2*2/28). Let i = -3 + r. What is the remainder when j is divided by i?
1
Suppose -2*r = -0*r - 30. Calculate the remainder when 3/((-2)/(-38)*(-2 - -3)) is divided by r.
12
Let u be (-10 - -15)*9/5. Let b(p) = -p**2 + p - 2. Let a be b(-2). Let y = u - a. Calculate the remainder when y is divided by 10.
7
Suppose -4*n = -1 - 7. Let v(d) = 2*d + 5 - 4*d - 1 - 14. What is the remainder when v(-8) is divided by n?
0
Let i(w) = 3*w - 34. Calculate the remainder when 72 is divided by i(32).
10
Let m(k) = k - 1. Let s be m(9). Let t be (-2)/s - 34/(-8). What is the remainder when 29 is divided by 8/10*(t + 16)?
13
Let p be (-4)/(-16) + (-250)/8. Let d = 39 + p. Let b(x) = 12*x + 5. What is the remainder when b(2) is divided by d?
5
Let r = 160 - 90. Let i(n) = n**3 + 5*n**2